{"id":312,"date":"2019-06-05T13:27:22","date_gmt":"2019-06-05T11:27:22","guid":{"rendered":"https:\/\/niconolden.de\/person\/?page_id=312"},"modified":"2026-01-13T11:23:38","modified_gmt":"2026-01-13T10:23:38","slug":"impressum-datenschutz-und-hinweise","status":"publish","type":"page","link":"https:\/\/niconolden.de\/person\/impressum-datenschutz-und-hinweise\/","title":{"rendered":"Impressum &#038; Datenschutz"},"content":{"rendered":"\n<p>In dieser Rubrik finden Sie alle Angaben zum <strong>Impressum<\/strong>, Angaben zum Schutz Ihrer Daten gem\u00e4\u00df <strong>Datenschutzgrundverordnung<\/strong> (DSGVO) und weitere hilfreiche <strong>Hinweise<\/strong>.<\/p>\n\n\n\n<p>Bewegen Sie dazu die Maus \u00fcber den Titel <strong>Impressum &amp; Datenschutz<\/strong>. Klicken Sie danach auf die gesuchte Kategorie.<\/p>\n\n\n\n<p>Sie k\u00f6nnen die <strong>Links auch direkt<\/strong> aufrufen (sollte z.B. Mouseover bei Ihrem Browser nicht funktionieren):<\/p>\n\n\n\n<ul class=\"wp-block-list\">\n<li><a href=\"https:\/\/niconolden.de\/person\/impressum-und-hinweise\/\">Impressum und Hinweise<\/a><\/li>\n\n\n\n<li><a href=\"https:\/\/niconolden.de\/person\/datenschutzerklaerung\/\">Datenschutzerkl\u00e4rung<\/a><\/li>\n<\/ul>\n","protected":false},"excerpt":{"rendered":"<p>In dieser Rubrik finden Sie alle Angaben zum Impressum, Angaben zum Schutz Ihrer Daten gem\u00e4\u00df Datenschutzgrundverordnung (DSGVO) und weitere hilfreiche Hinweise. Bewegen Sie dazu die Maus \u00fcber den Titel Impressum &amp; Datenschutz. Klicken Sie danach auf die gesuchte Kategorie. Sie k\u00f6nnen die Links auch direkt aufrufen (sollte z.B. Mouseover bei Ihrem Browser nicht funktionieren):<\/p>\n","protected":false},"author":1,"featured_media":0,"parent":0,"menu_order":0,"comment_status":"closed","ping_status":"closed","template":"","meta":{"footnotes":""},"class_list":["post-312","page","type-page","status-publish","hentry"],"_links":{"self":[{"href":"https:\/\/niconolden.de\/person\/wp-json\/wp\/v2\/pages\/312","targetHints":{"allow":["GET"]}}],"collection":[{"href":"https:\/\/niconolden.de\/person\/wp-json\/wp\/v2\/pages"}],"about":[{"href":"https:\/\/niconolden.de\/person\/wp-json\/wp\/v2\/types\/page"}],"author":[{"embeddable":true,"href":"https:\/\/niconolden.de\/person\/wp-json\/wp\/v2\/users\/1"}],"replies":[{"embeddable":true,"href":"https:\/\/niconolden.de\/person\/wp-json\/wp\/v2\/comments?post=312"}],"version-history":[{"count":6,"href":"https:\/\/niconolden.de\/person\/wp-json\/wp\/v2\/pages\/312\/revisions"}],"predecessor-version":[{"id":1285,"href":"https:\/\/niconolden.de\/person\/wp-json\/wp\/v2\/pages\/312\/revisions\/1285"}],"wp:attachment":[{"href":"https:\/\/niconolden.de\/person\/wp-json\/wp\/v2\/media?parent=312"}],"curies":[{"name":"wp","href":"https:\/\/api.w.org\/{rel}","templated":true}]}}